5, 29
Suppose -2*u + f + 237 = 3*u, 0 = -5*u + 4*f + 228. What are the prime factors of u?
2, 3
Let s(u) = 27*u - 4. What are the prime factors of s(3)?
7, 11
Let r(x) = -x**2 - x + 71. List the prime factors of r(0).
71
Suppose 0*r + 2*r = 0. Let m(b) = b + 43. What are the prime factors of m(r)?
43
Let x = 100 + 2. List the prime factors of x.
2, 3, 17
Let m = 29 + -21. Suppose 0*g - 6 = -2*g. Let j = g + m. List the prime factors of j.
11
Let g = 119 - 72. What are the prime factors of g?
47
Let z = -20 + 40. Suppose 62 = 4*q + 22. Suppose 5*i = q + z. What are the prime factors of i?
2, 3
Let l(s) = 7*s + 16. List the prime factors of l(0).
2
Suppose -2*l = -26 - 34. Suppose 5*u = 22 - 2. Suppose 3*b - l = -3*g, -2*b + 31 = b + u*g. List the prime factors of b.
3
Suppose 2*r = -2*z + 82, 15*r - 3*z - 189 = 10*r. What are the prime factors of r?
3, 13
Let n(g) = -g**2 + 6*g - 2. Suppose y = 3*u + 11, y + 0*y - u = 7. Let o be n(y). Suppose -o*v = 2*m + v, v = -3. What are the prime factors of m?
2, 3
Let y(r) = -r**2 - r + 24. Suppose 0*h + h + 5 = 0. Let l be (-1 - 0) + (-4 - h). List the prime factors of y(l).
2, 3
Let h(k) = -2*k - 2*k + 4 - 2. Let b be h(-2). Suppose -4*i + b = i. What are the prime factors of i?
2
Let w(i) = 5*i**2 - i + 4. List the prime factors of w(-3).
2, 13
Suppose 3*g - 4*q - 15 = -0*g, -q = -4*g + 7. Let h be g + 1 - 14*-7. Suppose 2*x + l - 40 = 0, 5*x = 6*l - 2*l + h. List the prime factors of x.
2, 5
Suppose 0 = 6*n - 0*n - 648. List the prime factors of n.
2, 3
Suppose -3*b - 3*f = -9, 4*b - 15 - 3 = -f. Suppose -h + b - 4 = 3*w, 5*h + 3*w - 29 = 0. What are the prime factors of h?
7
Let l = 305 - 191. List the prime factors of l.
2, 3, 19
Suppose 2*h - 313 - 85 = 3*o, 0 = -3*h + 2*o + 592. What are the prime factors of h?
2, 7
Let w(s) = s - 4. Suppose c = -5*p + 32, 9 + 14 = 2*p - 3*c. Let j be w(p). Suppose v + 20 = j*v. List the prime factors of v.
2, 5
Let q(y) = -3*y + 2*y - 8*y - 1 + 0. Let r be q(-1). What are the prime factors of r*1 - 6/3?
2, 3
Suppose 50 = -3*v + 2. Let k = v + 26. List the prime factors of k.
2, 5
Let u = -8 - -8. What are the prime factors of (-6)/2 + 5 + u?
2
Let w(p) = -p**2 - 12*p + 3. List the prime factors of w(-10).
23
Suppose -4*q + 8 = 2*u, 0 = -2*q + 2 - 0. Suppose 0 = -4*h + u*d + 56, 7*h - 2*h = -3*d + 70. Let c = h - 10. List the prime factors of c.
2
Let l(t) = t**3 + 5*t**2 + 5*t + 5. Let q be l(-4). Suppose w + q = 7. List the prime factors of w.
2, 3
Suppose 24 + 32 = 4*m. Suppose i - m = -6. Let n = 11 - i. What are the prime factors of n?
3
Let k = 105 + -29. List the prime factors of k.
2, 19
Let h be (0 - 1)/(2/(-10)). Let j(r) be the first derivative of r**2/2 - r - 7. List the prime factors of j(h).
2
List the prime factors of ((-6)/1)/((-33)/2200) + 0.
2, 5
Suppose 5*s = 2*c - 6*c + 22, 3*c - 3*s - 30 = 0. Let o be (-6)/c + 27/4. Suppose 2*n = 4*h - 52, -h + 4*n + o = -21. What are the prime factors of h?
11
Let y = -9 - -17. Suppose -68 = -3*f + 2*m, -2*f - y*m + 58 = -3*m. What are the prime factors of f?
2, 3
Let h be (-3)/(-5) - (-130)/(-50). List the prime factors of 20 + (-6 - -3 - h).
19
List the prime factors of (-5070)/(-52) + (-2)/(-4).
2, 7
Let j = -14 + -13. Let f = 67 + j. List the prime factors of f.
2, 5
Let c = -60 + 111. List the prime factors of c.
3, 17
Let w = -21 + 24. Suppose -w*a - a + s + 156 = 0, 2*a + 4*s = 78. What are the prime factors of a?
3, 13
Suppose -4*s = -10 - 2. Let z be s*3/9 + 14. Let x = z + -9. List the prime factors of x.
2, 3
Let i be 2/4 - 42/(-4). Let r = i - 15. Let v = r - -6. What are the prime factors of v?
2
Let p = -200 - -295. List the prime factors of p.
5, 19
Let m(u) = u**2 + 7*u + 7. Let q be m(-4). What are the prime factors of (-21)/(q - -2) - 1?
2, 3
Let c(w) = 6*w**2 - 15*w - 4. Let o(f) = -f**2 + f. Suppose 10*u + 25 = 5*u. Let a(m) = u*o(m) - c(m). What are the prime factors of a(10)?
2
Suppose -8 = u - 3*u. Let a = 9 + u. What are the prime factors of a?
13
Let a = 14 - 20. Let t = a - -11. List the prime factors of t.
5
What are the prime factors of (-9)/(-15) + 147/5?
2, 3, 5
Suppose -4*d = -3*u - 115, -129 - 17 = -5*d + 3*u. What are the prime factors of d?
31
Suppose 0 = 2*t - 5*t - p + 9, -5*t - p + 17 = 0. Let a(z) = -3*z - 1. Let y be a(-2). Let l = t + y. What are the prime factors of l?
3
Let b = 290 + -172. What are the prime factors of b?
2, 59
Let g be 2 + -2 - (-2 - -2). Suppose g = -0*w + 5*w + 4*n, 5*w = -5*n. Suppose 2*o = -z + o + 14, -2*o = w. What are the prime factors of z?
2, 7
Suppose -n - 8 = -3*n. Let r(p) be the third derivative of -p**6/120 + p**5/15 + p**4/24 + 2*p**3/3 - 3*p**2. List the prime factors of r(n).
2
Suppose -4*h + 10 = 2. Suppose 0*x = -h*x + 14. What are the prime factors of x?
7
Let f(d) be the first derivative of d**4/4 - d**3 - 3*d**2/2 + 4*d + 3. List the prime factors of f(5).
3, 13
Let v be (-4)/6*(-18)/4. Suppose 56 = 3*r - r. Suppose -s + r = v*s. What are the prime factors of s?
7
Suppose 3*y = -0*y + 6. Let l(p) = p**3 - p**y + 3*p**2 - 1 + p**3. What are the prime factors of l(1)?
3
List the prime factors of 0 + 0 - 13/((-13)/64).
2
Suppose -4*f + 7*f = 381. Let r = -77 + f. What are the prime factors of r?
2, 5
Let w(p) = -9*p - 8. What are the prime factors of w(-5)?
37
Suppose 2*r - 12 = -0*r. Let i be r/15 + 16/10. Suppose 0 = -w + 4*h + 2 + 24, -i*h = -3*w + 38. What are the prime factors of w?
2, 5
Suppose -2 = -i - 0*i. Let x be ((-30 - i)/1)/(-1). Suppose -3*v = v - x. List the prime factors of v.
2
Let y(m) = -32*m + 39. What are the prime factors of y(-9)?
3, 109
Suppose u + 0*u = 3. Let v(c) = -c**3 + 3*c**2 + c + 4. List the prime factors of v(u).
7
Suppose 5*w = 5*g + 2*w - 13, 0 = -5*g + 2*w + 12. Suppose -4 = -g*i + 38. List the prime factors of i.
3, 7
Suppose -36 = -3*c - 3*j, -3*j - 4 + 22 = c. Let i = c + -4. List the prime factors of i.
5
Let t(j) = j**3 + 14*j**2 + 20*j + 10. What are the prime factors of t(-12)?
2, 29
Let d(m) = 6*m - 4. Let j(o) = -o + 17. Let y be j(12). What are the prime factors of d(y)?
2, 13
Let x be 2/(-6) - 110/30. What are the prime factors of 23/2 + (-2)/x?
2, 3
Let q(u) be the third derivative of u**5/20 - u**4/12 - u**3/6 - 2*u**2. List the prime factors of q(-1).
2
Let w = -55 - -154. List the prime factors of w.
3, 11
Let l(f) = -f**3 + 2*f**2. Let q be l(1). Suppose -b + 4 = 0, 5*b + 61 - q = 5*o. What are the prime factors of o?
2
List the prime factors of (26/(-39))/(4/(-846)).
3, 47
Suppose 0 = -3*y - 3*h - h + 3, -30 = -3*y + 5*h. Suppose -y*j - 4*d + 105 = 0, -5*j + 60 = -3*d - 10. List the prime factors of j.
17
Let z be (-39)/(-33) + (-6)/33. Suppose -8 = 4*w - 0. What are the prime factors of 2 + z*18 + w?
2, 3
What are the prime factors of (-6 - (-207 + -6)) + 1*4?
211
Let k be 6/(-2) - 63*-1. Let n = 88 - k. List the prime factors of n.
2, 7
Let y(u) = -u**3 - 4*u**2 - 5*u - 4. Let l be y(-3). Let r(g) = 1 + 12*g + 0*g**2 + g**2 - 2*g**l. List the prime factors of r(10).
3, 7
Suppose -2*x = -y + 86, 0*y + 2*y - x = 160. List the prime factors of y.
2, 3, 13
Let a(m) be the second derivative of -m**5/20 + m**4/3 + m**3/3 + m**2/2 - m. Let z = 13 + -9. List the prime factors of a(z).
3
Let t(q) = -5 - 6 + 0*q - 2*q + 1. List the prime factors of t(-7).
2
Suppose 3*a - 154 = -3*w + 2*a, -4*w = -4*a - 200. List the prime factors of w.
3, 17
Let c = 1 - 3. Let j(o) = -2*o - 1. Let n be j(c). Suppose -3*p - 2 - n = r, -15 = -2*r - p. What are the prime factors of r?
2, 5
Suppose 0 = -3*p + 27 - 9. List the prime factors of 279/6*p/9.
31
Let p(s) = s**3 - 5*s**2 - 6*s + 7. Let u be p(6). Let z(l) = l**3 - 7*l**2 + l + 2. What are the prime factors of z(u)?
3
Let s(q) = q**3 + 4 + 28*q + 7 + q**2 - 2 - 29*q. List the prime factors of s(0).
3
Suppose -89 = -y - 3*r, y + y + r - 173 = 0. List the prime factors of y.
2, 43
Suppose 292 + 463 = 5*a. Let s = a + -83. List the prime factors of (-7)/21 + s/6.
11
Suppose -3*u - 6 = -4*u. Suppose p + 223 = 5*r, -u*r + 4*p + 188 = -2*r. List the prime factors of r.
2, 11
Suppose 244 = -0*b + 4*b. List the prime factors of b.
61
Let v = -9 + 13. Suppose -v*t + 4 = -2*t. List the prime factors of t.
2
Let a = 18 - 8. What are the prime factors o